{"id":1366,"date":"2021-10-24T18:01:41","date_gmt":"2021-10-24T16:01:41","guid":{"rendered":"https:\/\/thgu.dk\/?page_id=1366"},"modified":"2024-09-10T15:24:31","modified_gmt":"2024-09-10T13:24:31","slug":"gradueringspensum","status":"publish","type":"page","link":"https:\/\/thgu.dk\/?page_id=1366","title":{"rendered":"Gradueringspensum"},"content":{"rendered":"<p>[et_pb_section fb_built=&#8221;1&#8243; _builder_version=&#8221;4.11.4&#8243; _module_preset=&#8221;default&#8221; global_colors_info=&#8221;{}&#8221;][et_pb_row _builder_version=&#8221;4.11.4&#8243; _module_preset=&#8221;default&#8221; global_colors_info=&#8221;{}&#8221; column_structure=&#8221;1_2,1_2&#8243;][et_pb_column type=&#8221;1_2&#8243; _builder_version=&#8221;4.11.4&#8243; _module_preset=&#8221;default&#8221; global_colors_info=&#8221;{}&#8221;][et_pb_text _builder_version=&#8221;4.11.4&#8243; _module_preset=&#8221;default&#8221; hover_enabled=&#8221;0&#8243; sticky_enabled=&#8221;0&#8243; text_font=&#8221;Montserrat|500|||||||&#8221; text_text_color=&#8221;#000000&#8243;]<\/p>\n<header class=\"entry-header\">\n<h1 class=\"entry-title\">Graduering<\/h1>\n<\/header>\n<div class=\"entry-content\">\n<div class=\"pf-content\">\n<p>Graduering er en pr\u00f8ve, der skal vise, om eleven er klar til den n\u00e6ste grad eller det n\u00e6ste b\u00e6lte i r\u00e6kken.\u00a0Graden bruges som en markering af, hvor langt eleven er kommet i sin karatem\u00e6ssige udvikling, og afg\u00f8r, hvilket hold eleven tr\u00e6ner p\u00e5. I BUSHIKAN tr\u00e6nes der. p.t. p\u00e5 tre niveauer: begynder\/farvede b\u00e6lter, brun-\/sortb\u00e6lter samt konkurrencehold.<\/p>\n<p>N\u00e5r man starter som begynder, b\u00e6rer man det hvide b\u00e6lte. Graden 10. ky\u00fb f\u00e5r man ved best\u00e5et f\u00f8rste graduering, og efterh\u00e5nden som man stiger i graderne, skifter b\u00e6ltet farve efter nedenst\u00e5ende system:<\/p>\n<\/div>\n<\/div>\n<p>[\/et_pb_text][\/et_pb_column][et_pb_column type=&#8221;1_2&#8243; _builder_version=&#8221;4.11.4&#8243; _module_preset=&#8221;default&#8221; global_colors_info=&#8221;{}&#8221;][et_pb_image _builder_version=&#8221;4.11.4&#8243; _module_preset=&#8221;default&#8221; alt=&#8221;gradueringstabel&#8221; title_text=&#8221;http:\/\/bushikan.dk\/traening\/graduering\/&#8221; src=&#8221;http:\/\/thgu.dk\/wp-content\/uploads\/2021\/10\/gradueringstabel.jpg&#8221; hover_enabled=&#8221;0&#8243; sticky_enabled=&#8221;0&#8243;][\/et_pb_image][\/et_pb_column][\/et_pb_row][et_pb_row _builder_version=&#8221;4.11.4&#8243; _module_preset=&#8221;default&#8221; column_structure=&#8221;1_2,1_2&#8243;][et_pb_column _builder_version=&#8221;4.11.4&#8243; _module_preset=&#8221;default&#8221; type=&#8221;1_2&#8243;][et_pb_image _builder_version=&#8221;4.11.4&#8243; _module_preset=&#8221;default&#8221; title_text=&#8221;tabel-1&#8243; src=&#8221;http:\/\/thgu.dk\/wp-content\/uploads\/2021\/10\/tabel-1.jpg&#8221; hover_enabled=&#8221;0&#8243; sticky_enabled=&#8221;0&#8243;][\/et_pb_image][et_pb_image _builder_version=&#8221;4.11.4&#8243; _module_preset=&#8221;default&#8221; title_text=&#8221;tabel-2&#8243; src=&#8221;http:\/\/thgu.dk\/wp-content\/uploads\/2021\/10\/tabel-2.jpg&#8221; hover_enabled=&#8221;0&#8243; sticky_enabled=&#8221;0&#8243;][\/et_pb_image][\/et_pb_column][et_pb_column _builder_version=&#8221;4.11.4&#8243; _module_preset=&#8221;default&#8221; type=&#8221;1_2&#8243;][et_pb_image _builder_version=&#8221;4.11.4&#8243; _module_preset=&#8221;default&#8221; title_text=&#8221;tabel 3&#8243; src=&#8221;http:\/\/thgu.dk\/wp-content\/uploads\/2021\/10\/tabel-3.jpg&#8221; hover_enabled=&#8221;0&#8243; sticky_enabled=&#8221;0&#8243;][\/et_pb_image][\/et_pb_column][\/et_pb_row][\/et_pb_section]<\/p>\n","protected":false},"excerpt":{"rendered":"<p>Graduering Graduering er en pr\u00f8ve, der skal vise, om eleven er klar til den n\u00e6ste grad eller det n\u00e6ste b\u00e6lte i r\u00e6kken.\u00a0Graden bruges som en markering af, hvor langt eleven er kommet i sin karatem\u00e6ssige udvikling, og afg\u00f8r, hvilket hold eleven tr\u00e6ner p\u00e5. I BUSHIKAN tr\u00e6nes der. p.t. p\u00e5 tre niveauer: begynder\/farvede b\u00e6lter, brun-\/sortb\u00e6lter samt [&hellip;]<\/p>\n","protected":false},"author":3,"featured_media":0,"parent":281,"menu_order":0,"comment_status":"closed","ping_status":"closed","template":"","meta":{"_et_pb_use_builder":"on","_et_pb_old_content":"","_et_gb_content_width":"","_monsterinsights_skip_tracking":false,"_monsterinsights_sitenote_active":false,"_monsterinsights_sitenote_note":"","_monsterinsights_sitenote_category":0,"footnotes":""},"class_list":["post-1366","page","type-page","status-publish","hentry"],"_links":{"self":[{"href":"https:\/\/thgu.dk\/index.php?rest_route=\/wp\/v2\/pages\/1366","targetHints":{"allow":["GET"]}}],"collection":[{"href":"https:\/\/thgu.dk\/index.php?rest_route=\/wp\/v2\/pages"}],"about":[{"href":"https:\/\/thgu.dk\/index.php?rest_route=\/wp\/v2\/types\/page"}],"author":[{"embeddable":true,"href":"https:\/\/thgu.dk\/index.php?rest_route=\/wp\/v2\/users\/3"}],"replies":[{"embeddable":true,"href":"https:\/\/thgu.dk\/index.php?rest_route=%2Fwp%2Fv2%2Fcomments&post=1366"}],"version-history":[{"count":3,"href":"https:\/\/thgu.dk\/index.php?rest_route=\/wp\/v2\/pages\/1366\/revisions"}],"predecessor-version":[{"id":1447,"href":"https:\/\/thgu.dk\/index.php?rest_route=\/wp\/v2\/pages\/1366\/revisions\/1447"}],"up":[{"embeddable":true,"href":"https:\/\/thgu.dk\/index.php?rest_route=\/wp\/v2\/pages\/281"}],"wp:attachment":[{"href":"https:\/\/thgu.dk\/index.php?rest_route=%2Fwp%2Fv2%2Fmedia&parent=1366"}],"curies":[{"name":"wp","href":"https:\/\/api.w.org\/{rel}","templated":true}]}}